emainder when 18701 is divided by 5235?
2996
What is the remainder when 30000 is divided by 60?
0
What is the remainder when 758540 is divided by 71?
47
Calculate the remainder when 2259084 is divided by 70584.
396
Calculate the remainder when 340456865 is divided by 278.
273
Calculate the remainder when 28287 is divided by 13678.
931
Calculate the remainder when 5068664 is divided by 4362.
20
Calculate the remainder when 16660736 is divided by 42179.
31
Calculate the remainder when 123179321 is divided by 948.
941
Calculate the remainder when 17186008 is divided by 2044.
56
What is the remainder when 6964283 is divided by 2321358?
209
What is the remainder when 11308561 is divided by 622?
601
What is the remainder when 3377797 is divided by 664?
29
Calculate the remainder when 2194390 is divided by 1866.
1840
Calculate the remainder when 3454505 is divided by 78.
41
Calculate the remainder when 17218395 is divided by 1229880.
75
Calculate the remainder when 2918829 is divided by 2352.
2349
What is the remainder when 14026942 is divided by 2190?
2182
Calculate the remainder when 12485937 is divided by 4161978.
3
Calculate the remainder when 940017 is divided by 940013.
4
Calculate the remainder when 1211943 is divided by 6248.
6079
What is the remainder when 92367 is divided by 30788?
3
What is the remainder when 257722889 is divided by 85879?
10
Calculate the remainder when 911905002 is divided by 4415.
4412
What is the remainder when 1042655 is divided by 9930?
5
What is the remainder when 3871497 is divided by 150?
147
What is the remainder when 1319155 is divided by 1552?
1507
Calculate the remainder when 235989 is divided by 117976.
37
What is the remainder when 6891444 is divided by 6891153?
291
Calculate the remainder when 23409 is divided by 2421.
1620
What is the remainder when 16340329 is divided by 1039?
1015
Calculate the remainder when 77503157 is divided by 23.
11
Calculate the remainder when 4063216 is divided by 84.
52
Calculate the remainder when 934524 is divided by 42478.
8
Calculate the remainder when 3086571 is divided by 17945.
31
What is the remainder when 616474 is divided by 122989?
1529
What is the remainder when 1246199 is divided by 85?
14
Calculate the remainder when 129422 is divided by 2157.
2
Calculate the remainder when 147480 is divided by 18417.
144
Calculate the remainder when 62776 is divided by 31247.
282
What is the remainder when 1122021 is divided by 106?
11
Calculate the remainder when 18542 is divided by 8578.
1386
Calculate the remainder when 10859752 is divided by 18221.
36
Calculate the remainder when 397897330 is divided by 1932.
1930
What is the remainder when 15601656 is divided by 369?
336
Calculate the remainder when 12112537 is divided by 107.
30
Calculate the remainder when 3759070 is divided by 705.
10
What is the remainder when 5609429 is divided by 52422?
275
Calculate the remainder when 26720 is divided by 846.
494
Calculate the remainder when 279177 is divided by 336.
297
Calculate the remainder when 2586 is divided by 1628.
958
What is the remainder when 222515924 is divided by 111257956?
12
What is the remainder when 3289671 is divided by 32571?
0
What is the remainder when 22078182 is divided by 22078158?
24
What is the remainder when 11974 is divided by 9775?
2199
Calculate the remainder when 211488 is divided by 11746.
60
Calculate the remainder when 327259 is divided by 2254.
429
What is the remainder when 673328 is divided by 134653?
63
What is the remainder when 439967 is divided by 1734?
1265
What is the remainder when 4667728 is divided by 237?
13
What is the remainder when 1704983 is divided by 57?
56
Calculate the remainder when 1288817 is divided by 1566.
1565
What is the remainder when 108925071 is divided by 62?
61
Calculate the remainder when 54766401 is divided by 3074.
17
What is the remainder when 584371 is divided by 10?
1
Calculate the remainder when 7357435 is divided by 15721.
7
What is the remainder when 12243824 is divided by 235458?
8
What is the remainder when 306385 is divided by 51?
28
What is the remainder when 21280320 is divided by 62?
60
What is the remainder when 3641389 is divided by 29?
4
Calculate the remainder when 13739 is divided by 2359.
1944
What is the remainder when 35096131 is divided by 1056?
1027
What is the remainder when 74229 is divided by 12346?
153
Calculate the remainder when 555338125 is divided by 1149.
1147
Calculate the remainder when 8677984 is divided by 17.
11
What is the remainder when 406975 is divided by 94?
49
What is the remainder when 55479679 is divided by 470?
409
What is the remainder when 31888995 is divided by 6705?
15
Calculate the remainder when 188842 is divided by 949.
940
What is the remainder when 55600 is divided by 27097?
1406
Calculate the remainder when 2393183 is divided by 32340.
23
What is the remainder when 12427954 is divided by 4?
2
What is the remainder when 67021248 is divided by 161887?
30
What is the remainder when 83592832 is divided by 1002?
982
Calculate the remainder when 4840620 is divided by 1223.
1209
What is the remainder when 63747 is divided by 60927?
2820
Calculate the remainder when 8795201 is divided by 231452.
25
Calculate the remainder when 2089297 is divided by 358.
9
What is the remainder when 2790611 is divided by 1395304?
3
What is the remainder when 4397875 is divided by 615?
10
Calculate the remainder when 21810876 is divided by 23.
22
Calculate the remainder when 433158786 is divided by 290.
286
Calculate the remainder when 100861321 is divided by 2621.
2620
Calculate the remainder when 260712231 is divided by 211.
209
Calculate the remainder when 85168120 is divided by 150.
70
Calculate the remainder when 11310866 is divided by 782.
18
What is the remainder when 246601 is divided by 132?
25
Calculate the remainder when 194969 is divided by 46.
21
What is the remainder when 24349049 is divided by 2306?
2301
What is the remainder when 153473 is divided by 203?
5
Calculate the remainder when 2573103 is divided by 214418.
87
What is the remainder when 45761596 is divided by 16?
12
What is the remainder when 13976324 is divided by 202555?
29
What is the remainder when 793656 is divided by 26455?
6
Calculate the remainder when 178906 is divided by 4162.
4102
What is the remainder when 176928 is divided by 43998?
936
Calculate the remainder when 3626086 is divided by 539.
233
What is the remainder when 2439178 is divided by 108?
106
What is the remainder when 22869102 is divided by 3190?
3182
What is the remainder when 38225 is divided by 168?
89
What is the remainder when 2127193 is divided by 15?
13
What is the remainder when 1707472 is divided by 21336?
592
Calculate the remainder when 253351 is divided by 18055.
581
What is the remainder when 51792 is divided by 1100?
92
What is the remainder when 31480317 is divided by 160?
157
What is the remainder when 108179 is divided by 11986?
305
Calculate the remainder when 52664891 is divided by 4803.
4799
What is the remainder when 2584330 is divided by 646077?
22
Calculate the remainder when 38380 is divided by 698.
688
Calculate the remainder when 55349 is divided by 38.
21
Calculate the remainder when 2450649 is divided by 83.
74
Calculate the remainder when 157626 is divided by 21.
0
What is the remainder when 6137024 is divided by 1813?
19
Calculate the remainder when 56536 is divided by 2334.
520
What is the remainder when 1420224 is divided by 7397?
0
Calculate the remainder when 745453 is divided by 106491.
16
What is the remainder when 6182240 is divided by 1020?
20
What is the remainder when 48538003 is divided by 16179325?
28
What is the remainder when 812891 is divided by 2471?
2403
What is the remainder when 1445314 is divided by 3219?
3202
What is the remainder when 7332499 is divided by 3711?
3274
Calculate the remainder when 422284 is divided by 457.
16
What is the remainder when 4445201 is divided by 406?
313
What is the remainder when 33539 is divided by 5440?
899
Calculate the remainder when 2016483 is divided by 403295.
8
Calculate the remainder when 2314335 is divided by 369.
336
What is the remainder when 6712471 is divided by 6147?
6094
Calculate the remainder when 3189963 is divided by 26.
23
What is the r